867956
Convert 1677324 (base 8) to base 15.
9a830
What is -110211122 (base 3) in base 13?
-434c
Convert -c920b (base 16) to base 5.
-202330234
Convert 1044140002 (base 5) to base 9.
4346267
-6363d6 (base 14) to base 11
-1994a9a
What is -b35ee (base 15) in base 11?
-359011
12961 (base 15) to base 7
335305
5033530 (base 7) to base 2
10010001101100000111
What is -627525 (base 9) in base 5?
-43413242
-3fddfd (base 16) to base 4
-33331313331
What is 10021212120102 (base 3) in base 6?
101254315
67c9a (base 13) to base 14
4cbac
1410131304 (base 5) to base 2
1101101110101001101010
Convert -11122122200 (base 3) to base 11.
-62905
Convert d540 (base 14) to base 15.
ad23
Convert 330030010 (base 4) to base 7.
2044516
What is 1185640 (base 9) in base 7?
5333502
2da451 (base 16) to base 3
12121222010122
What is -530004 (base 7) in base 11?
-62608
What is 1150d (base 15) in base 12?
27aaa
Convert -20552035 (base 6) to base 2.
-10010011110111110111
What is 1010010001110101 (base 2) in base 11?
296a4
Convert -135650362 (base 7) to base 9.
-17730771
What is -286827 (base 15) in base 6?
-105412301
What is 220204211 (base 6) in base 10?
3935599
Convert -200111121110022 (base 3) to base 12.
-3362a45
What is -6296 (base 15) in base 16?
-5169
What is -1063237 (base 8) in base 4?
-1012122133
What is -1be95 (base 16) in base 6?
-2241141
Convert -35f9ec (base 16) to base 4.
-31133213230
-12323221230 (base 4) to base 8
-6735154
3364402 (base 9) to base 14
353170
Convert -1b21e7 (base 15) to base 7.
-14151301
-9a6ba8 (base 12) to base 3
-11121221000102
What is -444803 (base 13) in base 4?
-12020331113
17710 (base 11) to base 12
12440
-410450 (base 7) to base 15
-15a75
-1699603 (base 12) to base 6
-244204003
-5468979 (base 10) to base 11
-30a5a1a
Convert 1100010111101000110 (base 2) to base 13.
112644
Convert -a10da7 (base 16) to base 9.
-21766405
What is 801982 (base 10) in base 11?
4a85a5
What is -6534367 (base 8) in base 5?
-422020122
What is -2314010 (base 6) in base 16?
-1d016
Convert 8241 (base 9) to base 12.
35a7
What is -53358 (base 10) in base 14?
-15634
Convert -56a42 (base 16) to base 8.
-1265102
1088033 (base 10) to base 13
2c130b
-550c5 (base 13) to base 3
-21211011220
-9175a8 (base 12) to base 6
-120415532
What is -132052324 (base 6) in base 13?
-70957c
-11606677 (base 8) to base 14
-4a8a3d
-49b40 (base 14) to base 8
-540534
-102443 (base 8) to base 14
-c5c7
Convert -21113202130 (base 4) to base 16.
-25789c
Convert -2187265 (base 10) to base 4.
-20112000001
What is 6d7563 (base 16) in base 2?
11011010111010101100011
217500 (base 10) to base 5
23430000
-13b33 (base 16) to base 9
-132616
What is 134310420 (base 5) in base 3?
1022102221102
63986 (base 10) to base 15
13e5b
38a12a (base 12) to base 14
1a2c14
What is -565140 (base 11) in base 2?
-11011011101101010001
Convert -18e25 (base 15) to base 3.
-11002211222
Convert eb56c (base 16) to base 6.
32354420
What is 20100102 (base 3) in base 12?
2818
Convert 1467551 (base 8) to base 10.
421737
What is 116d8 (base 16) in base 12?
35388
What is -421a36 (base 15) in base 11?
-18584aa
Convert 4820236 (base 9) to base 3.
11220200021020
31872 (base 14) to base 13
42608
20158 (base 15) to base 16
18cb6
-63026 (base 13) to base 8
-533505
Convert -40115b (base 13) to base 7.
-15434032
Convert 2010112102 (base 3) to base 13.
16124
What is -1330202330 (base 4) in base 12?
-207278
What is -a1906 (base 11) in base 16?
-24564
What is -40403023 (base 5) in base 13?
-b514b
Convert 96d3d3 (base 14) to base 10.
5107357
Convert -58a653 (base 13) to base 2.
-1000000010101001100101
-2558666 (base 9) to base 10
-1397310
-86456 (base 10) to base 6
-1504132
Convert -11200141403 (base 5) to base 16.
-bed2fd
What is 170aa7a (base 13) in base 10?
7449621
Convert -2311a (base 14) to base 16.
-14d24
Convert 311335 (base 6) to base 16.
618b
-561711 (base 9) to base 6
-11111101
What is -2a6597 (base 12) in base 13?
-1c1005
What is -59486a (base 14) in base 16?
-2e804e
-11010011000010001001000 (base 2) to base 14
-cc014c
What is -5653505 (base 10) in base 5?
-2421403010
Convert -885701 (base 12) to base 9.
-4061411
-2387a0 (base 12) to base 8
-2142550
What is -11011110101110110011100 (base 2) in base 5?
-3332022320
1331427 (base 8) to base 3
200222101100
1435853 (base 9) to base 12
322179
Convert 37d7bb (base 14) to base 10.
1919593
85675 (base 9) to base 13
1ca57
Convert 1554624 (base 7) to base 16.
3494d
Convert 156364 (base 8) to base 6.
1113512
What is -1635660 (base 7) in base 3?
-102120102000
9638005 (base 10) to base 15
ca5a8a
What is 415420 (base 6) in base 11?
232a9
What is 3100330 (base 4) in base 5?
411442
Convert -23017 (base 10) to base 5.
-1214032
What is 20110000120 (base 3) in base 12?
614b9
Convert 118269 (base 15) to base 3.
1120112220100
Convert -d717a (base 16) to base 7.
-10326365
What is -145161 (base 12) in base 9?
-568231
What is 2d963 (base 14) in base 4?
123322303
Convert -121212202210 (base 3) to base 13.
-b8302
What is 4257226 (base 8) in base 10?
1138326
Convert -110310121310 (base 4) to base 11.
-3098356
Convert -1100223 (base 5) to base 8.
-44575
101020221022122 (base 3) to base 10
5450966
1413474 (base 8) to base 3
202021112212
-116200 (base 10) to base 3
-12220101201
Convert -11088370 (base 9) to base 5.
-2333414121
-403410 (base 7) to base 12
-33750
Convert 1214210 (base 6) to base 2.
1111101110111110
Convert 112330200133 (base 4) to base 15.
7dc357
Convert -1101010110001010 (base 2) to base 5.
-3222131
14434614 (base 7) to base 15
1c0eec
-307667 (base 9) to base 6
-3530141
What is -1599b0 (base 14) in base 11?
-477424
2020240144 (base 5) to base 14
77d9d1
What is 26202 (base 13) in base 12?
34a70
Convert -1328b5 (base 14) to base 5.
-132112122
Convert -12313131311 (base 4) to base 16.
-1b7775
Convert -20100222012 (base 3) to base 6.
-2404222
19825a (base 11) to base 16
4a29f
Convert -3110100340 (base 5) to base 13.
-1408a77
-111110000000111 (base 2) to base 15
-961b
What is 202112100022 (base 3) in base 13?
111c2c
-57de (base 16) to base 2
-101011111011110
Convert -2062 (base 14) to base 9.
-7573
16b77 (base 13) to base 8
125264
What is -106064336 (base 7) in base 5?
-3130033042
103410532 (base 7) to base 13
1388539
What is -55bb18 (base 12) in base 5?
-322242302
What is 2040223 (base 6) in base 7?
560262
What is -30502 (base 6) in base 8?
-7746
Convert -918577 (base 14) to base 8.
-22545755
What is -247806 (base 10) in base 15?
-4d656
-11010120002 (base 3) to base 11
-56113
Convert 2556374 (base 12) to base 3.
111210102211021
Convert -21102212201 (base 3) to base 2.
-100011110000001000
Convert 101001101010010011000 (base 2) to base 4.
11031102120
Convert 268217 (base 12) to base 4.
2123110303
Convert -414345453 (base 6) to base 9.
-14515746
What is 35512 (base 6) in base 4?
1100210
What is 525684 (base 9) in base 15?
62934
What is 2017692 (base 13) in base 12?
32b8803
What is -2316421 (base 8) in base 3?
-1012000020120
-625563 (base 8) to base 6
-4241415
What is -9443295 (base 11) in base 16?
-fe1394
-2027838 (base 9) to base 2
-100001000000110111110
Convert 2211230 (base 9) to base 15.
187209
Convert -321023001 (base 4) to base 10.
-234177
Convert -32122201 (base 6) to base 5.
-220201433
What is 630373 (base 9) in base 6?
12004450
Convert 9826a (base 12) to base 7.
1464322
What is 98c9ef (base 16) in base 15?
d2bce7
d986a (base 14) to base 12
21431a
Convert -1839f (base 16) to base 8.
-301637
Convert 11352 (base 16) to base 8.
211522
Convert -32221222331 (base 4) to base 3.
-21020010110012
What is 220022013 (base 4) in base 16?
28287
Convert 1730032 (base 13) to base 12.
2622b94
Convert -10246302 (base 7) to base 6.
-30343000
Convert -15745214 (base 8) to base 3.
-20212202112201
What is -7275808 (base 10) in base 2?
-11011110000010100100000
Convert 737541 (base 9) to base 6.
13222231
5312456 (base 7) to base 12
26b632
-100001100100100100100 (base 2) to base 7
-12231124
5120115 (base 6) to base 2
111011011111101111
Convert 100023211 (base 4) to base 5.
4110102
What is 3643202 (base 7) in base 3?
212121012112
Convert -1724462 (base 11) to base 4.
-23030110330
What is 188615 (base 13) in base 12?
259a45
What is -12b4117 (base 13) in base 6?
-330144143
What is -694a00 (base 14) in base 5?
-1404214444
-50044 